on divisor of 108469 and 171451?
3499
What is the highest common factor of 682388496 and 48?
48
What is the highest common factor of 129490 and 128741210?
5630
Calculate the highest common divisor of 206925 and 227075.
775
What is the highest common factor of 753600 and 2459562?
942
What is the greatest common factor of 37410 and 4096830?
870
What is the highest common factor of 80340 and 37386180?
780
What is the greatest common divisor of 7622875 and 1025375?
1625
Calculate the greatest common divisor of 26983530 and 630.
630
Calculate the highest common divisor of 926559 and 442800.
1107
Calculate the greatest common divisor of 1155 and 187740245.
385
What is the greatest common factor of 323177364 and 18?
18
What is the greatest common factor of 9307111 and 92?
23
What is the highest common divisor of 315001 and 6492832?
1121
Calculate the greatest common divisor of 97478 and 441762.
2074
Calculate the greatest common divisor of 69680 and 5274620.
260
Calculate the highest common divisor of 260 and 26403640.
20
Calculate the highest common factor of 1048 and 578344302.
262
What is the greatest common divisor of 800 and 316640?
160
Calculate the highest common factor of 14321007 and 2735.
547
What is the highest common divisor of 164625 and 374028?
1317
What is the highest common divisor of 476749 and 583219?
1183
Calculate the highest common divisor of 56960785 and 29.
29
Calculate the highest common divisor of 3913714605 and 15.
15
Calculate the highest common divisor of 972540 and 5085.
45
Calculate the greatest common divisor of 402234282 and 108.
54
What is the highest common factor of 232 and 5402758?
58
Calculate the greatest common factor of 121720 and 1084872.
136
Calculate the highest common factor of 42583231 and 6034.
431
Calculate the highest common factor of 372 and 5969763.
93
Calculate the highest common factor of 98 and 22682149.
49
Calculate the highest common divisor of 9264 and 986400.
48
Calculate the greatest common divisor of 5 and 114092490.
5
What is the greatest common factor of 470625 and 111695?
1255
What is the greatest common divisor of 121510 and 1837730?
290
What is the greatest common factor of 145258 and 12524194?
2462
Calculate the greatest common factor of 210375 and 22176.
99
What is the greatest common divisor of 17431271 and 60593?
1027
What is the greatest common divisor of 3121995598 and 1906?
1906
What is the highest common factor of 31 and 509237?
31
What is the greatest common factor of 61878575 and 26975?
2075
What is the highest common factor of 52583 and 24?
1
Calculate the highest common factor of 71520 and 9030.
30
Calculate the greatest common divisor of 6704 and 39887124.
1676
What is the greatest common divisor of 2136035 and 483439?
781
Calculate the greatest common factor of 36928 and 1088.
64
Calculate the greatest common factor of 6682 and 7013474.
26
Calculate the greatest common divisor of 43936 and 191712.
32
What is the highest common factor of 3043 and 210267899?
179
What is the highest common factor of 4994 and 1475166?
22
Calculate the highest common divisor of 18 and 14191101.
9
Calculate the highest common factor of 2339103 and 22126.
481
Calculate the greatest common divisor of 8601 and 143655.
183
What is the greatest common divisor of 638672 and 124?
4
Calculate the highest common factor of 109843407 and 5571.
5571
Calculate the greatest common factor of 1142069641 and 479.
479
What is the highest common divisor of 16592 and 540464?
272
What is the greatest common factor of 427350 and 38258?
814
What is the greatest common factor of 528840 and 5512?
104
Calculate the greatest common divisor of 9002526 and 22974.
3282
Calculate the greatest common divisor of 13338186 and 30.
6
What is the greatest common divisor of 3881396 and 304?
76
What is the greatest common factor of 5410190 and 3874?
298
Calculate the greatest common factor of 773585 and 2584.
323
What is the highest common factor of 155 and 328192815?
155
What is the greatest common divisor of 925133 and 8866?
341
Calculate the greatest common divisor of 133718517 and 1467.
1467
What is the greatest common divisor of 30511356 and 9492?
1356
Calculate the highest common factor of 236493 and 640737.
513
What is the highest common factor of 19123758 and 2550618?
11754
What is the greatest common divisor of 2399487 and 777?
111
Calculate the highest common divisor of 22058 and 51110.
538
What is the greatest common divisor of 1701 and 8321049?
243
Calculate the highest common divisor of 36 and 115803852.
12
Calculate the highest common divisor of 36948 and 11148.
12
What is the greatest common divisor of 763 and 10148227?
109
What is the greatest common factor of 1347896 and 2068?
44
Calculate the greatest common divisor of 14911 and 3779365.
1147
What is the greatest common divisor of 527711 and 33794?
61
What is the greatest common divisor of 150 and 64099125?
75
What is the greatest common factor of 887905 and 18660?
1555
What is the greatest common factor of 35 and 8669255?
35
What is the greatest common divisor of 252 and 1555694?
14
What is the highest common divisor of 22960 and 18844000?
560
What is the greatest common factor of 107082 and 114353?
661
What is the highest common factor of 1176 and 1147248?
24
Calculate the highest common divisor of 16154219 and 3251.
3251
Calculate the greatest common factor of 503051 and 27979.
571
Calculate the highest common factor of 115689490 and 20.
10
What is the highest common divisor of 680 and 148982696?
136
Calculate the greatest common factor of 32588760 and 525.
15
Calculate the greatest common factor of 43544754 and 297.
99
What is the highest common factor of 9770 and 260?
10
What is the highest common factor of 27679 and 1732919?
89
What is the greatest common divisor of 556708 and 2?
2
What is the greatest common divisor of 6 and 23227441?
1
What is the highest common divisor of 153 and 6799388?
17
What is the greatest common factor of 976399 and 68911?
137
What is the highest common factor of 3883404 and 2988?
996
What is the greatest common divisor of 11660927 and 19?
19
What is the highest common divisor of 421332248 and 3056?
1528
What is the highest common divisor of 15 and 790339635?
15
Calculate the greatest common divisor of 563547620 and 3070.
3070
Calculate the highest common factor of 228054 and 470038.
398
Calculate the greatest common divisor of 159085651 and 2188.
547
Calculate the greatest common factor of 720365832 and 18.
18
Calculate the highest common divisor of 211674448 and 3472.
496
Calculate the highest common factor of 1573979 and 6641899.
4873
Calculate the highest common factor of 633 and 1794056829.
633
Calculate the greatest common divisor of 68431019 and 37.
37
What is the highest common divisor of 1768914 and 11110?
202
Calculate the highest common divisor of 25126 and 262174.
34
What is the highest common factor of 9 and 171951255?
9
What is the highest common divisor of 312 and 887484?
156
What is the highest common factor of 1509664 and 8977?
191
Calculate the highest common divisor of 1054 and 1330913.
17
What is the greatest common factor of 1475 and 4615865?
295
What is the highest common divisor of 215 and 834300?
5
What is the highest common factor of 3960 and 5331150?
990
Calculate the greatest common divisor of 114320 and 708240.
80
Calculate the greatest common factor of 76370904 and 393.
393
What is the greatest common factor of 384965244 and 162?
54
What is the highest common factor of 3766 and 32815041?
1883
Calculate the greatest common factor of 781 and 1481344.
71
What is the greatest common divisor of 2252637 and 297?
27
Calculate the highest common divisor of 105 and 587864445.
105
What is the greatest common factor of 13 and 9293791?
13
Calculate the greatest common factor of 26 and 19708637.
13
Calculate the highest common factor of 640 and 16496960.
320
Calculate the highest common factor of 123327 and 4402.
71
What is the greatest common divisor of 2002526 and 7922615?
9721
Calculate the highest common factor of 5264 and 66364564.
1316
Calculate the greatest common factor of 739247 and 9952.
311
What is the highest common factor of 721 and 34262641?
721
Calculate the highest common divisor of 18140458 and 75